[INFO] cloning repository https://github.com/Steffo99/lan-party-tools
[INFO] running `Command { std: "git" "-c" "credential.helper=" "-c" "credential.helper=/workspace/cargo-home/bin/git-credential-null" "clone" "--bare" "https://github.com/Steffo99/lan-party-tools" "/workspace/cache/git-repos/https%3A%2F%2Fgithub.com%2FSteffo99%2Flan-party-tools", kill_on_drop: false }`
[INFO] [stderr] Cloning into bare repository '/workspace/cache/git-repos/https%3A%2F%2Fgithub.com%2FSteffo99%2Flan-party-tools'...
[INFO] running `Command { std: "git" "rev-parse" "HEAD", kill_on_drop: false }`
[INFO] [stdout] 12e4bccc4158afa83ec0f07e0d615ae1b2d5d422
[INFO] checking Steffo99/lan-party-tools against master#cfbc6d4cf1acbac5c025acf8ed68929caa551df3 for pr-75494-beta
[INFO] running `Command { std: "git" "clone" "/workspace/cache/git-repos/https%3A%2F%2Fgithub.com%2FSteffo99%2Flan-party-tools" "/workspace/builds/worker-10/source", kill_on_drop: false }`
[INFO] [stderr] Cloning into '/workspace/builds/worker-10/source'...
[INFO] [stderr] done.
[INFO] validating manifest of git repo https://github.com/Steffo99/lan-party-tools on toolchain cfbc6d4cf1acbac5c025acf8ed68929caa551df3
[INFO] running `Command { std: "/workspace/cargo-home/bin/cargo" "+cfbc6d4cf1acbac5c025acf8ed68929caa551df3" "read-manifest" "--manifest-path" "Cargo.toml", kill_on_drop: false }`
[INFO] started tweaking git repo https://github.com/Steffo99/lan-party-tools
[INFO] finished tweaking git repo https://github.com/Steffo99/lan-party-tools
[INFO] tweaked toml for git repo https://github.com/Steffo99/lan-party-tools written to /workspace/builds/worker-10/source/Cargo.toml
[INFO] crate git repo https://github.com/Steffo99/lan-party-tools already has a lockfile, it will not be regenerated
[INFO] running `Command { std: "/workspace/cargo-home/bin/cargo" "+cfbc6d4cf1acbac5c025acf8ed68929caa551df3" "fetch" "--locked" "--manifest-path" "Cargo.toml", kill_on_drop: false }`
[INFO] [stderr]  Downloading crates ...
[INFO] [stderr]   Downloaded js-sys v0.3.35
[INFO] [stderr]   Downloaded schannel v0.1.17
[INFO] [stderr]   Downloaded openssl v0.10.28
[INFO] [stderr]   Downloaded regex v1.3.4
[INFO] [stderr]   Downloaded yaml-rust v0.3.5
[INFO] [stderr]   Downloaded openssl-sys v0.9.54
[INFO] [stderr]   Downloaded fs_extra v1.1.0
[INFO] [stderr]   Downloaded pin-project v0.4.8
[INFO] [stderr]   Downloaded wasm-bindgen v0.2.58
[INFO] [stderr]   Downloaded pin-project-internal v0.4.8
[INFO] [stderr]   Downloaded web-sys v0.3.35
[INFO] [stderr]   Downloaded wasm-bindgen-macro-support v0.2.58
[INFO] [stderr]   Downloaded wasm-bindgen-webidl v0.2.58
[INFO] [stderr]   Downloaded aho-corasick v0.7.8
[INFO] [stderr]   Downloaded regex-syntax v0.6.14
[INFO] [stderr]   Downloaded pbr v1.0.2
[INFO] [stderr]   Downloaded reqwest v0.10.2
[INFO] [stderr]   Downloaded wasm-bindgen-macro v0.2.58
[INFO] [stderr]   Downloaded wasm-bindgen-backend v0.2.58
[INFO] [stderr]   Downloaded bytesize v1.0.0
[INFO] [stderr]   Downloaded systemstat v0.1.5
[INFO] [stderr]   Downloaded termion v1.5.5
[INFO] [stderr]   Downloaded tokio v0.2.11
[INFO] [stderr]   Downloaded wasm-bindgen-futures v0.4.8
[INFO] [stderr]   Downloaded wasm-bindgen-shared v0.2.58
[INFO] running `Command { std: "docker" "create" "-v" "/var/lib/crater-agent-workspace/builds/worker-10/target:/opt/rustwide/target:rw,Z" "-v" "/var/lib/crater-agent-workspace/builds/worker-10/source:/opt/rustwide/workdir:ro,Z" "-v" "/var/lib/crater-agent-workspace/cargo-home:/opt/rustwide/cargo-home:ro,Z" "-v" "/var/lib/crater-agent-workspace/rustup-home:/opt/rustwide/rustup-home:ro,Z" "-e" "SOURCE_DIR=/opt/rustwide/workdir" "-e" "CARGO_TARGET_DIR=/opt/rustwide/target" "-e" "CARGO_HOME=/opt/rustwide/cargo-home" "-e" "RUSTUP_HOME=/opt/rustwide/rustup-home" "-w" "/opt/rustwide/workdir" "-m" "1610612736" "--user" "0:0" "--network" "none" "rustops/crates-build-env@sha256:a636fd89d022f18117e1dc8fb37a0a009933cdbbe082814857f0e2024962d47c" "/opt/rustwide/cargo-home/bin/cargo" "+cfbc6d4cf1acbac5c025acf8ed68929caa551df3" "metadata" "--no-deps" "--format-version=1", kill_on_drop: false }`
[INFO] [stdout] c6c49439a216a13c61d445315073fe36c7ab5658bbd68e602335b5229ae4ebc6
[INFO] [stderr] WARNING: Your kernel does not support swap limit capabilities or the cgroup is not mounted. Memory limited without swap.
[INFO] running `Command { std: "docker" "start" "-a" "c6c49439a216a13c61d445315073fe36c7ab5658bbd68e602335b5229ae4ebc6", kill_on_drop: false }`
[INFO] running `Command { std: "docker" "inspect" "c6c49439a216a13c61d445315073fe36c7ab5658bbd68e602335b5229ae4ebc6", kill_on_drop: false }`
[INFO] running `Command { std: "docker" "rm" "-f" "c6c49439a216a13c61d445315073fe36c7ab5658bbd68e602335b5229ae4ebc6", kill_on_drop: false }`
[INFO] [stdout] c6c49439a216a13c61d445315073fe36c7ab5658bbd68e602335b5229ae4ebc6
[INFO] running `Command { std: "docker" "create" "-v" "/var/lib/crater-agent-workspace/builds/worker-10/target:/opt/rustwide/target:rw,Z" "-v" "/var/lib/crater-agent-workspace/builds/worker-10/source:/opt/rustwide/workdir:ro,Z" "-v" "/var/lib/crater-agent-workspace/cargo-home:/opt/rustwide/cargo-home:ro,Z" "-v" "/var/lib/crater-agent-workspace/rustup-home:/opt/rustwide/rustup-home:ro,Z" "-e" "SOURCE_DIR=/opt/rustwide/workdir" "-e" "CARGO_TARGET_DIR=/opt/rustwide/target" "-e" "CARGO_INCREMENTAL=0" "-e" "RUST_BACKTRACE=full" "-e" "RUSTFLAGS=--cap-lints=forbid" "-e" "CARGO_HOME=/opt/rustwide/cargo-home" "-e" "RUSTUP_HOME=/opt/rustwide/rustup-home" "-w" "/opt/rustwide/workdir" "-m" "1610612736" "--user" "0:0" "--network" "none" "rustops/crates-build-env@sha256:a636fd89d022f18117e1dc8fb37a0a009933cdbbe082814857f0e2024962d47c" "/opt/rustwide/cargo-home/bin/cargo" "+cfbc6d4cf1acbac5c025acf8ed68929caa551df3" "check" "--frozen" "--all" "--all-targets" "--message-format=json", kill_on_drop: false }`
[INFO] [stdout] 3afe2c58070ba058d6f8c7f6e7d1b3f0572eebd80b0a7597db2bb94940b31946
[INFO] [stderr] WARNING: Your kernel does not support swap limit capabilities or the cgroup is not mounted. Memory limited without swap.
[INFO] running `Command { std: "docker" "start" "-a" "3afe2c58070ba058d6f8c7f6e7d1b3f0572eebd80b0a7597db2bb94940b31946", kill_on_drop: false }`
[INFO] [stderr]    Compiling libc v0.2.67
[INFO] [stderr]    Compiling autocfg v1.0.0
[INFO] [stderr]     Checking cfg-if v0.1.10
[INFO] [stderr]     Checking lazy_static v1.4.0
[INFO] [stderr]    Compiling log v0.4.8
[INFO] [stderr]    Compiling memchr v2.3.3
[INFO] [stderr]    Compiling pkg-config v0.3.17
[INFO] [stderr]     Checking slab v0.4.2
[INFO] [stderr]    Compiling proc-macro2 v1.0.9
[INFO] [stderr]    Compiling unicode-xid v0.2.0
[INFO] [stderr]    Compiling version_check v0.9.1
[INFO] [stderr]     Checking foreign-types-shared v0.1.1
[INFO] [stderr]    Compiling openssl v0.10.28
[INFO] [stderr]     Checking smallvec v1.2.0
[INFO] [stderr]    Compiling native-tls v0.2.3
[INFO] [stderr]     Checking openssl-probe v0.1.2
[INFO] [stderr]    Compiling serde v1.0.104
[INFO] [stderr]     Checking try-lock v0.2.2
[INFO] [stderr]     Checking bytesize v1.0.0
[INFO] [stderr]     Checking regex-syntax v0.6.14
[INFO] [stderr]     Checking http v0.2.0
[INFO] [stderr]     Checking futures-channel v0.3.4
[INFO] [stderr]     Checking unicode-bidi v0.3.4
[INFO] [stderr]     Checking foreign-types v0.3.2
[INFO] [stderr]     Checking thread_local v1.0.1
[INFO] [stderr]     Checking unicode-normalization v0.1.12
[INFO] [stderr]     Checking encoding_rs v0.8.22
[INFO] [stderr]     Checking want v0.3.0
[INFO] [stderr]    Compiling unicase v2.6.0
[INFO] [stderr]     Checking futures-util v0.3.4
[INFO] [stderr]     Checking aho-corasick v0.7.8
[INFO] [stderr]    Compiling openssl-sys v0.9.54
[INFO] [stderr]    Compiling indexmap v1.3.2
[INFO] [stderr]    Compiling num-traits v0.2.11
[INFO] [stderr]    Compiling num-integer v0.1.42
[INFO] [stderr]    Compiling mime_guess v2.0.1
[INFO] [stderr]     Checking iovec v0.1.4
[INFO] [stderr]     Checking net2 v0.2.33
[INFO] [stderr]     Checking num_cpus v1.12.0
[INFO] [stderr]     Checking time v0.1.42
[INFO] [stderr]     Checking memchr v1.0.2
[INFO] [stderr]     Checking atty v0.2.14
[INFO] [stderr]    Compiling quote v1.0.2
[INFO] [stderr]     Checking clap v2.33.0
[INFO] [stderr]     Checking nom v3.2.1
[INFO] [stderr]     Checking idna v0.2.0
[INFO] [stderr]     Checking pbr v1.0.2
[INFO] [stderr]     Checking mio v0.6.21
[INFO] [stderr]    Compiling syn v1.0.16
[INFO] [stderr]     Checking url v2.1.1
[INFO] [stderr]     Checking chrono v0.4.10
[INFO] [stderr]     Checking http-body v0.3.1
[INFO] [stderr]     Checking tokio v0.2.11
[INFO] [stderr]     Checking regex v1.3.4
[INFO] [stderr]     Checking systemstat v0.1.5
[INFO] [stderr]     Checking tokio-util v0.2.0
[INFO] [stderr]     Checking tokio-tls v0.3.0
[INFO] [stderr]     Checking serde_urlencoded v0.6.1
[INFO] [stderr]     Checking h2 v0.2.1
[INFO] [stderr]    Compiling pin-project-internal v0.4.8
[INFO] [stderr]     Checking pin-project v0.4.8
[INFO] [stderr]     Checking hyper v0.13.2
[INFO] [stderr]     Checking hyper-tls v0.4.1
[INFO] [stderr]     Checking reqwest v0.10.2
[INFO] [stderr]     Checking lan-party-tools v0.3.1 (/opt/rustwide/workdir)
[INFO] [stdout] error[E0554]: `#![feature]` may not be used on the beta release channel
[INFO] [stdout]  --> src/main.rs:1:1
[INFO] [stdout]   |
[INFO] [stdout] 1 | #![feature(ip)]
[INFO] [stdout]   | ^^^^^^^^^^^^^^^
[INFO] [stdout] 
[INFO] [stdout] 
[INFO] [stdout] error[E0554]: `#![feature]` may not be used on the beta release channel
[INFO] [stdout]  --> src/main.rs:2:1
[INFO] [stdout]   |
[INFO] [stdout] 2 | #![feature(str_strip)]
[INFO] [stdout]   | ^^^^^^^^^^^^^^^^^^^^^^
[INFO] [stdout] 
[INFO] [stdout] 
[INFO] [stdout] error: aborting due to 2 previous errors
[INFO] [stdout] 
[INFO] [stdout] 
[INFO] [stdout] For more information about this error, try `rustc --explain E0554`.
[INFO] [stdout] 
[INFO] [stderr] error: could not compile `lan-party-tools`.
[INFO] [stderr] 
[INFO] [stderr] To learn more, run the command again with --verbose.
[INFO] [stderr] warning: build failed, waiting for other jobs to finish...
[INFO] [stdout] error[E0554]: `#![feature]` may not be used on the beta release channel
[INFO] [stdout]  --> src/main.rs:1:1
[INFO] [stdout]   |
[INFO] [stdout] 1 | #![feature(ip)]
[INFO] [stdout]   | ^^^^^^^^^^^^^^^
[INFO] [stdout] 
[INFO] [stdout] 
[INFO] [stdout] error[E0554]: `#![feature]` may not be used on the beta release channel
[INFO] [stdout]  --> src/main.rs:2:1
[INFO] [stdout]   |
[INFO] [stdout] 2 | #![feature(str_strip)]
[INFO] [stdout]   | ^^^^^^^^^^^^^^^^^^^^^^
[INFO] [stdout] 
[INFO] [stdout] 
[INFO] [stdout] error: aborting due to 2 previous errors
[INFO] [stdout] 
[INFO] [stdout] 
[INFO] [stdout] For more information about this error, try `rustc --explain E0554`.
[INFO] [stdout] 
[INFO] [stderr] error: build failed
[INFO] running `Command { std: "docker" "inspect" "3afe2c58070ba058d6f8c7f6e7d1b3f0572eebd80b0a7597db2bb94940b31946", kill_on_drop: false }`
[INFO] running `Command { std: "docker" "rm" "-f" "3afe2c58070ba058d6f8c7f6e7d1b3f0572eebd80b0a7597db2bb94940b31946", kill_on_drop: false }`
[INFO] [stdout] 3afe2c58070ba058d6f8c7f6e7d1b3f0572eebd80b0a7597db2bb94940b31946
